s divided by 16?
15
What is the remainder when 6393 is divided by 81?
75
Calculate the remainder when 318 is divided by 23.
19
What is the remainder when 2145 is divided by 16?
1
Calculate the remainder when 54 is divided by 10.
4
What is the remainder when 460 is divided by 77?
75
Calculate the remainder when 159 is divided by 20.
19
Calculate the remainder when 1155 is divided by 527.
101
Calculate the remainder when 161 is divided by 15.
11
Calculate the remainder when 464 is divided by 45.
14
What is the remainder when 171 is divided by 12?
3
Calculate the remainder when 958 is divided by 96.
94
What is the remainder when 174 is divided by 38?
22
What is the remainder when 245 is divided by 36?
29
What is the remainder when 65 is divided by 23?
19
Calculate the remainder when 268 is divided by 21.
16
Calculate the remainder when 201 is divided by 17.
14
What is the remainder when 542 is divided by 248?
46
Calculate the remainder when 45 is divided by 31.
14
What is the remainder when 2104 is divided by 117?
115
Calculate the remainder when 494 is divided by 62.
60
Calculate the remainder when 183 is divided by 11.
7
What is the remainder when 3408 is divided by 55?
53
What is the remainder when 104 is divided by 40?
24
What is the remainder when 172 is divided by 16?
12
What is the remainder when 943 is divided by 22?
19
Calculate the remainder when 5108 is divided by 13.
12
What is the remainder when 103 is divided by 31?
10
Calculate the remainder when 25332 is divided by 329.
328
Calculate the remainder when 3326 is divided by 256.
254
What is the remainder when 1237 is divided by 209?
192
Calculate the remainder when 252 is divided by 156.
96
What is the remainder when 1218 is divided by 49?
42
What is the remainder when 144 is divided by 22?
12
What is the remainder when 212 is divided by 112?
100
Calculate the remainder when 281 is divided by 15.
11
Calculate the remainder when 838 is divided by 63.
19
What is the remainder when 619 is divided by 78?
73
What is the remainder when 264 is divided by 13?
4
What is the remainder when 366 is divided by 51?
9
What is the remainder when 293 is divided by 23?
17
Calculate the remainder when 429 is divided by 72.
69
Calculate the remainder when 32 is divided by 17.
15
Calculate the remainder when 1061 is divided by 36.
17
Calculate the remainder when 25 is divided by 18.
7
Calculate the remainder when 35 is divided by 14.
7
Calculate the remainder when 93 is divided by 60.
33
What is the remainder when 2144 is divided by 167?
140
What is the remainder when 39 is divided by 15?
9
Calculate the remainder when 389 is divided by 23.
21
Calculate the remainder when 417 is divided by 14.
11
What is the remainder when 1561 is divided by 71?
70
What is the remainder when 119 is divided by 2?
1
What is the remainder when 184 is divided by 25?
9
What is the remainder when 248 is divided by 76?
20
What is the remainder when 266 is divided by 2?
0
Calculate the remainder when 24962 is divided by 159.
158
What is the remainder when 109 is divided by 4?
1
What is the remainder when 267 is divided by 10?
7
Calculate the remainder when 11247 is divided by 97.
92
Calculate the remainder when 77 is divided by 18.
5
What is the remainder when 162 is divided by 38?
10
Calculate the remainder when 415 is divided by 99.
19
Calculate the remainder when 29 is divided by 23.
6
What is the remainder when 999 is divided by 26?
11
Calculate the remainder when 4749 is divided by 4.
1
Calculate the remainder when 3194 is divided by 68.
66
Calculate the remainder when 1337 is divided by 84.
77
Calculate the remainder when 92 is divided by 59.
33
Calculate the remainder when 257 is divided by 26.
23
Calculate the remainder when 6442 is divided by 12.
10
Calculate the remainder when 493 is divided by 16.
13
What is the remainder when 6362 is divided by 95?
92
What is the remainder when 1698 is divided by 563?
9
What is the remainder when 2168 is divided by 70?
68
Calculate the remainder when 356 is divided by 4.
0
Calculate the remainder when 12073 is divided by 25.
23
What is the remainder when 124 is divided by 34?
22
Calculate the remainder when 1503 is divided by 18.
9
Calculate the remainder when 150 is divided by 26.
20
Calculate the remainder when 4509 is divided by 48.
45
What is the remainder when 2044 is divided by 5?
4
Calculate the remainder when 759 is divided by 204.
147
What is the remainder when 3117 is divided by 60?
57
What is the remainder when 314 is divided by 15?
14
What is the remainder when 492 is divided by 38?
36
Calculate the remainder when 25574 is divided by 46.
44
What is the remainder when 175 is divided by 63?
49
Calculate the remainder when 101 is divided by 16.
5
Calculate the remainder when 275 is divided by 94.
87
What is the remainder when 574 is divided by 293?
281
Calculate the remainder when 149 is divided by 9.
5
Calculate the remainder when 145 is divided by 45.
10
Calculate the remainder when 413 is divided by 52.
49
What is the remainder when 1108 is divided by 101?
98
Calculate the remainder when 1017 is divided by 163.
39
Calculate the remainder when 1115 is divided by 554.
7
Calculate the remainder when 67 is divided by 43.
24
What is the remainder when 174 is divided by 22?
20
What is the remainder when 554 is divided by 248?
58
What is the remainder when 5404 is divided by 208?
204
Calculate the remainder when 477 is divided by 43.
4
What is the remainder when 15991 is divided by 62?
57
What is the remainder when 1702 is divided by 131?
130
Calculate the remainder when 935 is divided by 156.
155
What is the remainder when 50566 is divided by 24?
22
Calculate the remainder when 671 is divided by 28.
27
Calculate the remainder when 3466 is divided by 34.
32
Calculate the remainder when 1633 is divided by 310.
83
Calculate the remainder when 592 is divided by 582.
10
Calculate the remainder when 415 is divided by 53.
44
Calculate the remainder when 1043 is divided by 12.
11
Calculate the remainder when 26079 is divided by 189.
186
What is the remainder when 92 is divided by 14?
8
What is the remainder when 12397 is divided by 100?
97
Calculate the remainder when 178 is divided by 53.
19
Calculate the remainder when 949 is divided by 50.
49
Calculate the remainder when 523 is divided by 31.
27
What is the remainder when 484 is divided by 168?
148
Calculate the remainder when 474 is divided by 118.
2
What is the remainder when 249 is divided by 66?
51
Calculate the remainder when 1362 is divided by 21.
18
Calculate the remainder when 270 is divided by 58.
38
Calculate the remainder when 370 is divided by 95.
85
Calculate the remainder when 689 is divided by 84.
17
What is the remainder when 19433 is divided by 172?
169
Calculate the remainder when 133 is divided by 9.
7
What is the remainder when 258 is divided by 65?
63
What is the remainder when 3007 is divided by 201?
193
What is the remainder when 214 is divided by 45?
34
What is the remainder when 255 is divided by 21?
3
What is the remainder when 150 is divided by 17?
14
Calculate the remainder when 3645 is divided by 89.
85
What is the remainder when 252 is divided by 52?
44
What is the remainder when 1445 is divided by 4?
1
Calculate the remainder when 957 is divided by 12.
9
What is the remainder when 673 is divided by 315?
43
What is the remainder when 111 is divided by 106?
5
Calculate the remainder when 389 is divided by 78.
77
Calculate the remainder when 221 is divided by 14.
11
What is the remainder when 587 is divided by 577?
10
What is the remainder when 2066 is divided by 56?
50
Calculate the remainder when 75 is divided by 39.
36
What is the remainder when 2900 is divided by 56?
44
What is the remainder when 34 is divided by 19?
15
Calculate the remainder when 377 is divided by 27.
26
What is the remainder when 96 is divided by 58?
38
What is the remainder when 161 is divided by 6?
5
Calculate the remainder when 739 is divided by 37.
36
Calculate the remainder when 20 is divided by 15.
5
What is the remainder when 502 is divided by 34?
26
Calculate the remainder when 132 is divided by 34.
30
What is the remainder when 23465 is divided by 31?
29
What is the remainder when 756 is divided by 68?
8
Calculate the